[INFO] cloning repository https://github.com/LucioFranco/ash-toy-engine
[INFO] running `Command { std: "git" "-c" "credential.helper=" "-c" "credential.helper=/workspace/cargo-home/bin/git-credential-null" "clone" "--bare" "https://github.com/LucioFranco/ash-toy-engine" "/workspace/cache/git-repos/https%3A%2F%2Fgithub.com%2FLucioFranco%2Fash-toy-engine", kill_on_drop: false }`
[INFO] [stderr] Cloning into bare repository '/workspace/cache/git-repos/https%3A%2F%2Fgithub.com%2FLucioFranco%2Fash-toy-engine'...
[INFO] running `Command { std: "git" "rev-parse" "HEAD", kill_on_drop: false }`
[INFO] [stdout] 8c451b5e943ea78715aa518b562dd77d4d321222
[INFO] checking LucioFranco/ash-toy-engine against master#af3c6e733a40e671550e0f0f5aeecaa13772ba56 for pr-74989
[INFO] running `Command { std: "git" "clone" "/workspace/cache/git-repos/https%3A%2F%2Fgithub.com%2FLucioFranco%2Fash-toy-engine" "/workspace/builds/worker-1/source", kill_on_drop: false }`
[INFO] [stderr] Cloning into '/workspace/builds/worker-1/source'...
[INFO] [stderr] done.
[INFO] validating manifest of git repo https://github.com/LucioFranco/ash-toy-engine on toolchain af3c6e733a40e671550e0f0f5aeecaa13772ba56
[INFO] running `Command { std: "/workspace/cargo-home/bin/cargo" "+af3c6e733a40e671550e0f0f5aeecaa13772ba56" "read-manifest" "--manifest-path" "Cargo.toml", kill_on_drop: false }`
[INFO] started tweaking git repo https://github.com/LucioFranco/ash-toy-engine
[INFO] finished tweaking git repo https://github.com/LucioFranco/ash-toy-engine
[INFO] tweaked toml for git repo https://github.com/LucioFranco/ash-toy-engine written to /workspace/builds/worker-1/source/Cargo.toml
[INFO] crate git repo https://github.com/LucioFranco/ash-toy-engine already has a lockfile, it will not be regenerated
[INFO] running `Command { std: "/workspace/cargo-home/bin/cargo" "+af3c6e733a40e671550e0f0f5aeecaa13772ba56" "fetch" "--locked" "--manifest-path" "Cargo.toml", kill_on_drop: false }`
[INFO] running `Command { std: "docker" "create" "-v" "/var/lib/crater-agent-workspace/builds/worker-1/target:/opt/rustwide/target:rw,Z" "-v" "/var/lib/crater-agent-workspace/builds/worker-1/source:/opt/rustwide/workdir:ro,Z" "-v" "/var/lib/crater-agent-workspace/cargo-home:/opt/rustwide/cargo-home:ro,Z" "-v" "/var/lib/crater-agent-workspace/rustup-home:/opt/rustwide/rustup-home:ro,Z" "-e" "SOURCE_DIR=/opt/rustwide/workdir" "-e" "CARGO_TARGET_DIR=/opt/rustwide/target" "-e" "CARGO_HOME=/opt/rustwide/cargo-home" "-e" "RUSTUP_HOME=/opt/rustwide/rustup-home" "-w" "/opt/rustwide/workdir" "-m" "1610612736" "--user" "0:0" "--network" "none" "rustops/crates-build-env@sha256:d92eaeed33fa75130ca1ee6c8a01d1ffb62bac859dfdfb3450e3e5d1c0146529" "/opt/rustwide/cargo-home/bin/cargo" "+af3c6e733a40e671550e0f0f5aeecaa13772ba56" "metadata" "--no-deps" "--format-version=1", kill_on_drop: false }`
[INFO] [stderr] WARNING: Your kernel does not support swap limit capabilities or the cgroup is not mounted. Memory limited without swap.
[INFO] [stdout] c7c94cc8dd6e5a9e489cc3f65896a6cd9dc56fb9e2b7e064d00a8b3323a5ac41
[INFO] running `Command { std: "docker" "start" "-a" "c7c94cc8dd6e5a9e489cc3f65896a6cd9dc56fb9e2b7e064d00a8b3323a5ac41", kill_on_drop: false }`
[INFO] running `Command { std: "docker" "inspect" "c7c94cc8dd6e5a9e489cc3f65896a6cd9dc56fb9e2b7e064d00a8b3323a5ac41", kill_on_drop: false }`
[INFO] running `Command { std: "docker" "rm" "-f" "c7c94cc8dd6e5a9e489cc3f65896a6cd9dc56fb9e2b7e064d00a8b3323a5ac41", kill_on_drop: false }`
[INFO] [stdout] c7c94cc8dd6e5a9e489cc3f65896a6cd9dc56fb9e2b7e064d00a8b3323a5ac41
[INFO] running `Command { std: "docker" "create" "-v" "/var/lib/crater-agent-workspace/builds/worker-1/target:/opt/rustwide/target:rw,Z" "-v" "/var/lib/crater-agent-workspace/builds/worker-1/source:/opt/rustwide/workdir:ro,Z" "-v" "/var/lib/crater-agent-workspace/cargo-home:/opt/rustwide/cargo-home:ro,Z" "-v" "/var/lib/crater-agent-workspace/rustup-home:/opt/rustwide/rustup-home:ro,Z" "-e" "SOURCE_DIR=/opt/rustwide/workdir" "-e" "CARGO_TARGET_DIR=/opt/rustwide/target" "-e" "CARGO_INCREMENTAL=0" "-e" "RUST_BACKTRACE=full" "-e" "RUSTFLAGS=--cap-lints=forbid" "-e" "CARGO_HOME=/opt/rustwide/cargo-home" "-e" "RUSTUP_HOME=/opt/rustwide/rustup-home" "-w" "/opt/rustwide/workdir" "-m" "1610612736" "--user" "0:0" "--network" "none" "rustops/crates-build-env@sha256:d92eaeed33fa75130ca1ee6c8a01d1ffb62bac859dfdfb3450e3e5d1c0146529" "/opt/rustwide/cargo-home/bin/cargo" "+af3c6e733a40e671550e0f0f5aeecaa13772ba56" "check" "--frozen" "--all" "--all-targets" "--message-format=json", kill_on_drop: false }`
[INFO] [stderr] WARNING: Your kernel does not support swap limit capabilities or the cgroup is not mounted. Memory limited without swap.
[INFO] [stdout] 6ed4b7b4410a9a87f12183fe4ae35a61633fceebdaf927e2527908f988f067cb
[INFO] running `Command { std: "docker" "start" "-a" "6ed4b7b4410a9a87f12183fe4ae35a61633fceebdaf927e2527908f988f067cb", kill_on_drop: false }`
[INFO] [stderr]    Compiling bitflags v1.0.4
[INFO] [stderr]    Compiling cc v1.0.25
[INFO] [stderr]     Checking void v1.0.2
[INFO] [stderr]    Compiling semver-parser v0.7.0
[INFO] [stderr]     Checking rand_core v0.3.0
[INFO] [stderr]     Checking downcast-rs v1.0.3
[INFO] [stderr]    Compiling pkg-config v0.3.14
[INFO] [stderr]    Compiling nix v0.11.0
[INFO] [stderr]     Checking stable_deref_trait v1.1.1
[INFO] [stderr]     Checking scopeguard v0.3.3
[INFO] [stderr]     Checking percent-encoding v1.0.1
[INFO] [stderr]     Checking lazy_static v0.2.11
[INFO] [stderr]    Compiling lazy_static v1.1.0
[INFO] [stderr]     Checking log v0.4.5
[INFO] [stderr]     Checking memmap v0.6.2
[INFO] [stderr]     Checking owning_ref v0.3.3
[INFO] [stderr]    Compiling xml-rs v0.7.0
[INFO] [stderr]     Checking unreachable v1.0.0
[INFO] [stderr]     Checking smallvec v0.6.5
[INFO] [stderr]     Checking rand_core v0.2.2
[INFO] [stderr]    Compiling semver v0.9.0
[INFO] [stderr]     Checking lock_api v0.1.4
[INFO] [stderr]     Checking rand v0.5.5
[INFO] [stderr]     Checking shared_library v0.1.9
[INFO] [stderr]    Compiling rustc_version v0.2.3
[INFO] [stderr]    Compiling x11-dl v2.18.3
[INFO] [stderr]     Checking ash v0.24.4
[INFO] [stderr]    Compiling wayland-scanner v0.20.12
[INFO] [stderr]    Compiling parking_lot_core v0.3.1
[INFO] [stderr]    Compiling libloading v0.5.0
[INFO] [stderr]    Compiling wayland-client v0.20.12
[INFO] [stderr]    Compiling wayland-protocols v0.20.12
[INFO] [stderr]     Checking dlib v0.4.1
[INFO] [stderr]     Checking wayland-sys v0.20.12
[INFO] [stderr]     Checking wayland-commons v0.20.12
[INFO] [stderr]     Checking parking_lot v0.6.4
[INFO] [stderr]     Checking smithay-client-toolkit v0.3.0
[INFO] [stderr]     Checking winit v0.17.2
[INFO] [stderr]     Checking ash-toy-engine v0.0.0 (/opt/rustwide/workdir)
[INFO] [stdout] error[E0433]: failed to resolve: use of undeclared type or module `XlibSurface`
[INFO] [stdout]    --> src/application.rs:593:9
[INFO] [stdout]     |
[INFO] [stdout] 593 |         XlibSurface::name().as_ptr(),
[INFO] [stdout]     |         ^^^^^^^^^^^ not found in this scope
[INFO] [stdout]     |
[INFO] [stdout] help: consider importing this struct
[INFO] [stdout]     |
[INFO] [stdout] 1   | use ash::extensions::XlibSurface;
[INFO] [stdout]     |
[INFO] [stdout] 
[INFO] [stdout] 
[INFO] [stdout] error[E0433]: failed to resolve: use of undeclared type or module `XlibSurface`
[INFO] [stdout]   --> src/engine/surface.rs:24:9
[INFO] [stdout]    |
[INFO] [stdout] 24 |         XlibSurface::new(entry, instance).expect("Unable to load xlib surface");
[INFO] [stdout]    |         ^^^^^^^^^^^ not found in this scope
[INFO] [stdout]    |
[INFO] [stdout] help: consider importing this struct
[INFO] [stdout]    |
[INFO] [stdout] 1  | use ash::extensions::XlibSurface;
[INFO] [stdout]    |
[INFO] [stdout] 
[INFO] [stdout] 
[INFO] [stdout] warning: unused import: `winit::Window`
[INFO] [stdout]  --> src/engine/surface.rs:5:5
[INFO] [stdout]   |
[INFO] [stdout] 5 | use winit::Window;
[INFO] [stdout]   |     ^^^^^^^^^^^^^
[INFO] [stdout]   |
[INFO] [stdout]   = note: `#[warn(unused_imports)]` on by default
[INFO] [stdout] 
[INFO] [stdout] 
[INFO] [stdout] error[E0433]: failed to resolve: use of undeclared type or module `XlibSurface`
[INFO] [stdout]    --> src/application.rs:593:9
[INFO] [stdout]     |
[INFO] [stdout] 593 |         XlibSurface::name().as_ptr(),
[INFO] [stdout]     |         ^^^^^^^^^^^ not found in this scope
[INFO] [stdout]     |
[INFO] [stdout] help: consider importing this struct
[INFO] [stdout]     |
[INFO] [stdout] 1   | use ash::extensions::XlibSurface;
[INFO] [stdout]     |
[INFO] [stdout] 
[INFO] [stdout] 
[INFO] [stdout] error[E0433]: failed to resolve: use of undeclared type or module `XlibSurface`
[INFO] [stdout]   --> src/engine/surface.rs:24:9
[INFO] [stdout]    |
[INFO] [stdout] 24 |         XlibSurface::new(entry, instance).expect("Unable to load xlib surface");
[INFO] [stdout]    |         ^^^^^^^^^^^ not found in this scope
[INFO] [stdout]    |
[INFO] [stdout] help: consider importing this struct
[INFO] [stdout]    |
[INFO] [stdout] 1  | use ash::extensions::XlibSurface;
[INFO] [stdout]    |
[INFO] [stdout] 
[INFO] [stdout] 
[INFO] [stdout] warning: unused import: `winit::Window`
[INFO] [stdout]  --> src/engine/surface.rs:5:5
[INFO] [stdout]   |
[INFO] [stdout] 5 | use winit::Window;
[INFO] [stdout]   |     ^^^^^^^^^^^^^
[INFO] [stdout]   |
[INFO] [stdout]   = note: `#[warn(unused_imports)]` on by default
[INFO] [stdout] 
[INFO] [stdout] 
[INFO] [stdout] error: aborting due to 2 previous errors; 1 warning emitted
[INFO] [stdout] 
[INFO] [stdout] 
[INFO] [stdout] For more information about this error, try `rustc --explain E0433`.
[INFO] [stdout] 
[INFO] [stderr] error: could not compile `ash-toy-engine`.
[INFO] [stderr] 
[INFO] [stderr] To learn more, run the command again with --verbose.
[INFO] [stderr] warning: build failed, waiting for other jobs to finish...
[INFO] [stdout] error: aborting due to 2 previous errors; 1 warning emitted
[INFO] [stdout] 
[INFO] [stdout] 
[INFO] [stdout] For more information about this error, try `rustc --explain E0433`.
[INFO] [stdout] 
[INFO] [stderr] error: build failed
[INFO] running `Command { std: "docker" "inspect" "6ed4b7b4410a9a87f12183fe4ae35a61633fceebdaf927e2527908f988f067cb", kill_on_drop: false }`
[INFO] running `Command { std: "docker" "rm" "-f" "6ed4b7b4410a9a87f12183fe4ae35a61633fceebdaf927e2527908f988f067cb", kill_on_drop: false }`
[INFO] [stdout] 6ed4b7b4410a9a87f12183fe4ae35a61633fceebdaf927e2527908f988f067cb
